 - 61. Let m be a(-4). Suppose 4*j - 1947 = -5*v, -40 = 5*v - m. What is the units digit of j?
3
Suppose 44*r = 269*r - 1736926 - 1201124. What is the thousands digit of r?
3
What is the hundreds digit of 3 - 239778/((-224)/16)?
1
Let g(m) = -2*m + 28. Let f be g(4). Let z be (1 - (-3)/(-5)) + 36/60. What is the hundreds digit of z - (-148 - f/(-5))?
1
Suppose -24 - 116 = w. Let d = w - -540. What is the units digit of d?
0
Suppose -4*z - 300 = -11*z + 2*z. Let t = -5 + 3. What is the tens digit of (87/t)/((-10)/z)?
6
Suppose 14*s - 16*s = -92. Suppose -l + j - 4 = -s, 5*j = 4*l - 165. What is the tens digit of l?
4
Let s be (-15)/(12/(-24333)*1/4). Let d be s/90 - 2/(-12). Suppose -10*y = -23*y + d. What is the tens digit of y?
0
Let a(f) = f**2 - 19. Let t(h) = 6 + 42 + 9 + 14*h. Let k be t(-5). What is the tens digit of a(k)?
5
Let p(s) = -s**2 + 6*s + 31. Let d be p(9). Let y(j) = 5 - 6*j + 2*j**2 + 2 + 0*j**2 + d*j**2. What is the units digit of y(4)?
9
Suppose t = -937 + 3233. Suppose -1045*x - t = -1047*x. What is the thousands digit of x?
1
Suppose -2*i - 2*m + 11886 = 0, 5*i - 301*m - 29691 = -298*m. What is the hundreds digit of i?
9
Suppose 5*l - 3*n = -5, 0 = -5*l + 3*l + 4*n - 16. Suppose -l*v + 515 = -5*j, 4*v - 2*j + 0*j = 1006. Let q = v - 144. What is the tens digit of q?
0
Let c = 53425 - 29189. What is the units digit of c?
6
Let m = -1045 - -1953. Let u = m + -581. What is the tens digit of u?
2
Let x = 40122 + -24826. What is the tens digit of x?
9
Let t(q) = -q**2 - 222*q + 121. What is the ten thousands digit of t(-75)?
1
Let c = -37 - -77. Let d be (-3*13)/(30/c). What is the units digit of 1/(-4) + (-1573)/d?
0
Let k(j) = -2*j**2 - 651 + j**2 + 659 + 19*j. Let s be k(13). Suppose -a + s = -4*u + 7*u, 2*u = -4*a + 384. What is the tens digit of a?
9
Let l(r) = -305*r + 1301. What is the tens digit of l(-45)?
2
Let k = 46 - 41. Suppose 3*p = -p, k*p + 9 = 3*s. Let a(m) = 15*m**2 + 6. What is the hundreds digit of a(s)?
1
Suppose -10*q + 7*q - 12 = 0, -p + 2*q + 850 = 0. What is the tens digit of (-400)/(-480) - p/(-12)?
7
Suppose 986051 - 43468 = 41*j - 177578. What is the tens digit of j?
2
Suppose -13*i + 12*i + 3*o + 460 = 0, 4*i - 3*o = 1822. What is the hundreds digit of i?
4
Let o(j) = 323*j**3 + 6*j**2 + 7*j - 43. What is the hundreds digit of o(3)?
7
Let w(f) = 28*f**2 - 20*f - 71. Let u be w(-3). Suppose 123 = 2*q - u. What is the tens digit of q?
8
Suppose -11*i - i - 9*i = 0. Suppose i = -10*m + 1058 + 11922. What is the units digit of m?
8
Suppose 5*g - h + 6*h + 15 = 0, 2*h - 9 = 3*g. What is the hundreds digit of 2 + 915/5 + 0 + g?
1
What is the ten thousands digit of (-5 - (-46954)/4) + (-2)/(-4)?
1
Suppose 5*s = 4*x - 5052, s = -5*x + 6*s + 6315. What is the units digit of x?
3
Suppose 5*j + 2046 = z + 6*j, -4*j + 4 = 0. Suppose -5*r = -31*q + 30*q + z, -4*q = -4*r - 8132. What is the tens digit of q?
3
Let g = -150 - -132. What is the hundreds digit of (-4)/g + 8180/45?
1
Let k(l) be the first derivative of l**4/4 + 2*l**3 + 3*l**2/2 + 4*l + 12. Let o be k(-3). What is the tens digit of 1 - (-88 + 0) - (o + -24)?
9
What is the hundreds digit of 52394/3 - ((-6)/(-14) - 175/(-735))?
4
Let r(o) be the second derivative of o**4/12 - o**3/6 - 22*o**2 - 2*o - 4. What is the units digit of r(-7)?
2
Suppose 3 = -d - 0*r - 5*r, -7 = -4*d - r. Let c(q) = 353*q - 40. What is the tens digit of c(d)?
6
Let h(z) = 351*z**2 - 165*z + 9. What is the ten thousands digit of h(-10)?
3
Let t be 15/(3 - 12/8). Let y(b) = 2 - 3 - 6 + 12 + t*b. What is the units digit of y(3)?
5
Let n be (35 + -1040)/(-1 + 0). Suppose n = 8*w + 221. What is the tens digit of w?
9
Let k be (3 + 3 + -5)*33. Let l = k + -28. Suppose l*c - 3*q = -7*q + 244, -4*c - 3*q = -195. What is the tens digit of c?
4
Let c(w) = 519*w**2 + 11*w - 4. What is the thousands digit of c(3)?
4
Let q(s) = 385*s + 1606. What is the hundreds digit of q(22)?
0
Suppose 504 = 2*r + 5*w, -6*w = -2*w. Suppose 20*d = 26*d - r. What is the units digit of d?
2
Let x(w) = -10*w + 106. Let c(z) = 2*z - 21. Let g(y) = -16*c(y) - 3*x(y). Suppose -h + 0 = 12. What is the units digit of g(h)?
2
Let j(h) = 2*h**2 - 10*h + 16. Let i = -20 + 25. What is the tens digit of j(i)?
1
Suppose -5*d + 36 = -c, 0*d - 4*d = 4*c - 48. Suppose 10*w = 2*m + 7*w + 1, 3*w - d = -5*m. What is the units digit of m?
1
Let y = -1931 + 3107. Suppose -14*s = -8*s - y. What is the tens digit of s?
9
Suppose 4*o - 1705 = -o. Let x be -6 + (18 - -150) - 16. Let c = o - x. What is the units digit of c?
5
Let s be (-12)/18*199 + (-4)/(-6). Let d be (-2)/12 - s/(-72). What is the units digit of d/(-10) + (-314)/(-5)?
3
Let t(p) = 20*p**3 + 15*p**2 - 10*p + 35. What is the units digit of t(4)?
5
Suppose -3*d - 2*m + 2386 = 0, 0 = -4*d - d + m + 3994. Let v = d + -498. What is the tens digit of v?
0
Let v = 16869 + 10063. What is the ten thousands digit of v?
2
Suppose 265 = 11*g - 263. Suppose 0 = -7*d - g + 300. What is the tens digit of d?
3
Let b be (-3)/2 + 1*142/4. Suppose -b = -7*n + 1. Suppose -3*p + 320 = 2*f, -n*p = 5*f - 221 - 584. What is the hundreds digit of f?
1
Suppose -3*h + 795 = 5*v, 5*v - v - 636 = -2*h. Let n = 231 - v. Suppose -153 = -5*u + 4*d, 0*u + 2*d = -2*u + n. What is the units digit of u?
3
Suppose 0 = -2*u - 78*n + 77*n + 23249, 3*u - 34841 = 5*n. What is the thousands digit of u?
1
Suppose 24 = 2*s - 2*b, s - 24 = -s + b. Let g(v) = -v**2 - 6*v - 10. Let z be g(-5). What is the units digit of (32 + s)*z/(-2)?
0
Let w(f) = -17886*f + 2. What is the tens digit of w(-1)?
8
Suppose -5*f = -3*b - 2562, b + 2*f = -2*f - 871. Let i = b - -1233. What is the hundreds digit of i?
3
Let d = -610 + 423. Let x = -132 - d. Suppose q - x = 38. What is the tens digit of q?
9
Let k = -3 - -6. Suppose k*s = -2*s - 25. What is the tens digit of (-1)/s*0 + 49?
4
Let b(c) = -2*c**3 + 22*c**2 + c - 7. Let h be b(11). Suppose h*s - 4*x - 1975 = x, s = x + 493. What is the hundreds digit of s?
4
Let w = 9394 + -4642. What is the thousands digit of w?
4
Let o(k) be the second derivative of 7*k**4 - 3*k**2/2 - 31*k. What is the tens digit of o(2)?
3
Let h(k) = k**3 - k**2 + 16*k - 12. Suppose 5*n = a - 2 - 13, 0 = -2*a - n - 14. Let t be -4 + (5 - a) + 1/(-1). What is the units digit of h(t)?
8
Let n(b) = -3*b**3 + 2*b**2 - 9*b - 17. Let p be n(-4). Suppose -p = -7*v + 6085. What is the hundreds digit of v?
9
Let o be (27/162)/((-1)/(-3))*2. What is the tens digit of 227 - ((7/o - 5) + -6)?
3
Let q be (-20)/(((-4)/10)/(-1)). Let p(h) = -101*h**2 + 10*h + 9. Let y be p(-1). Let u = q - y. What is the units digit of u?
2
Let u(v) be the second derivative of -v**3/6 + 7*v**2/2 - 5*v. Let f be u(11). What is the units digit of 42*f/(-16)*(-20)/(-6)?
5
Suppose -3*q - 5*m + 21019 = 0, q = 2*m + 5667 + 1343. What is the hundreds digit of q?
0
Let j be (2 + -2 + 0)/(2/2). Suppose -32 = -j*u - 2*u. What is the units digit of 24*(u/3 - 4)?
2
Suppose -23*f + 9453 = -94254. What is the tens digit of f?
0
What is the hundreds digit of 1741/(-16)*-26 + (-43)/2064*6?
8
Let y(b) = b**3 + 15*b**2 - 38*b - 77. Let o be y(-17). What is the units digit of 1571*(o - -8)*-1?
1
Suppose -5*s + 5*i + 740 = -320, -s + 212 = 3*i. Let w = s + 61. What is the tens digit of w?
7
Let h be (-62)/(-4)*1 - (-3)/6. Suppose c - h = -7*c. What is the units digit of (((-6)/2)/(-3))/(c/8)?
4
Let j = -6 - -12. Let a be -2 + 30/10 - -1. What is the hundreds digit of (j - 4)/(a/111)?
1
Let b(r) = 965*r - 5. Let x be b(1). Suppose -4*d + 4*h + x = 0, 2*h + 799 = 3*d + 74. What is the units digit of d?
5
Suppose 2*f + 72 = 4*f - k, f + 4*k = 18. Suppose f*z = 16197 + 2843. What is the tens digit of z?
6
Let y be (-4)/(-14) - 1020/42. Let h = y - -24. Suppose 2*p - 3*p + 1 = h, -2*c = 2*p - 22. What is the tens digit of c?
1
Suppose 4*a + 4*o = 109548, -2*o + 61200 = 4*a - 48360. What is the hundreds digit of a?
3
Let i(z) = z**2 + 10*z + 13. Let w(a) = a**2 + 10*a + 13. Let p(d) = 4*i(d) - 3*w(d). Let x be p(-9). Suppose q + 123 = x*q. What is the units digit of q?
1
Suppose 377*z - 11886422 + 2636626 = 43*z. What is the thousands digit of z?
7
Let m(p) = p**3 + p + 4. Let c be m(0). Suppose -3*s - 92 = -7*s + 2*o, 4*s - 104 = -c*o. Suppose -20*